41354
In base 4, what is 1332133301030 - -10?
1332133301100
In base 7, what is -5161 + 101144?
62653
In base 9, what is -1 + 8083116?
8083115
In base 3, what is 100020121 - -2021001001?
2121021122
In base 8, what is -1211 - -142301?
141070
In base 15, what is -453a + 54e?
-3edb
In base 14, what is 44ad92 - -97?
44b049
In base 6, what is 40040243 + 10?
40040253
In base 12, what is -3246799 - -21?
-3246778
In base 9, what is 426383408 + 0?
426383408
In base 14, what is -3 - -2501708?
2501705
In base 12, what is -1 + 10a87b10?
10a87b0b
In base 10, what is -26771 - -1886?
-24885
In base 2, what is 11 + 1101101011100001100110101?
1101101011100001100111000
In base 7, what is 1 - -3236533153?
3236533154
In base 4, what is -11 + 232000012232?
232000012221
In base 9, what is 47347514 - -1?
47347515
In base 10, what is -161335 + -1197?
-162532
In base 2, what is -1010101110 + -111010111011100000?
-111011000110001110
In base 13, what is 24567 + -6b?
244c9
In base 6, what is -1411 - 1110110?
-1111521
In base 13, what is 45a - -31949?
320a6
In base 14, what is -4 - 142426?
-14242a
In base 2, what is -10 + -1010011100101001101001001?
-1010011100101001101001011
In base 9, what is -3411357 + 33?
-3411324
In base 16, what is -5 + f4a8?
f4a3
In base 2, what is 101 - 1101111110111101111111?
-1101111110111101111010
In base 4, what is -2132121201210 + 2?
-2132121201202
In base 13, what is 5 - 6a8a619?
-6a8a614
In base 10, what is 14433018 - 15?
14433003
In base 2, what is 1001010 + 11011010100000111?
11011010101010001
In base 12, what is 457 + -88b?
-434
In base 15, what is -7 + -4300cab?
-4300cb3
In base 3, what is 2202 + -10222110121000?
-10222110111021
In base 15, what is 1 - -3161a0?
3161a1
In base 9, what is 454 + -2411?
-1846
In base 2, what is 1 - -100101101010000010001011?
100101101010000010001100
In base 15, what is 53635e - -5?
536364
In base 5, what is 10000314003 - -1?
10000314004
In base 6, what is -2424400530 - -11?
-2424400515
In base 9, what is -6084 - 56165?
-63260
In base 15, what is -9c6d + -cd?
-9d4b
In base 8, what is -17102 - -3206?
-13674
In base 14, what is -1cbbb99 + -12?
-1cbbbab
In base 16, what is 23eded + -45?
23eda8
In base 16, what is 3a52ea + -1f?
3a52cb
In base 8, what is -1260 - -43013?
41533
In base 7, what is -345252401 - -14?
-345252354
In base 4, what is 20100001 + 11?
20100012
In base 13, what is -24175 + 43?
-24132
In base 2, what is -1101010100000001111100011 - -100?
-1101010100000001111011111
In base 15, what is 47c3dba - -4?
47c3dbe
In base 10, what is 17 - 8802815?
-8802798
In base 6, what is -3201350 - 1?
-3201351
In base 8, what is -2 + -1043672?
-1043674
In base 7, what is -3160 + -5236?
-11426
In base 14, what is -3 - 11a2077?
-11a207a
In base 13, what is -4 - 5a22c4?
-5a22c8
In base 7, what is 63323 + -11654?
51336
In base 3, what is 10120101110012 - 10?
10120101110002
In base 11, what is 2 - 1659a229?
-1659a227
In base 4, what is 212013 - 132210331?
-131332312
In base 8, what is 35 + -12610200?
-12610143
In base 13, what is -9 + 14c660?
14c654
In base 7, what is 33504 - 1331?
32143
In base 8, what is 2251 - 203646?
-201375
In base 10, what is -8015251 + -3?
-8015254
In base 11, what is -17065575 + -16?
-17065590
In base 14, what is 34 + -9db9a?
-9db66
In base 5, what is 13001123 - 4234?
12441334
In base 15, what is -110 - -6ab85?
6aa75
In base 12, what is -122ab + 72b4?
-6bb7
In base 12, what is 5844 + -36798?
-30b54
In base 9, what is -2 + -1365482?
-1365484
In base 7, what is -1561414 - -164?
-1561220
In base 13, what is -116 - -1871?
1758
In base 10, what is 113 + 952?
1065
In base 6, what is -2502201 - -4503?
-2453254
In base 10, what is -1 + 5915531?
5915530
In base 13, what is 84b9 - -294?
8780
In base 10, what is -20182722 + -4?
-20182726
In base 13, what is 16b5103 + 4?
16b5107
In base 12, what is 1 + 1505519?
150551a
In base 7, what is -14362314 + -15?
-14362332
In base 15, what is 8b4 - -71?
935
In base 4, what is -13113320 + 1300002?
-11213312
In base 6, what is 42034 + -10342?
31252
In base 7, what is 4644122536 + -3?
4644122533
In base 16, what is -4 - -6a28d89?
6a28d85
In base 15, what is -288a + -52d8?
-7b73
In base 3, what is -101122212100200 + -101?
-101122212101001
In base 11, what is -82206 + -56?
-82261
In base 13, what is 4567904b - -4?
45679052
In base 2, what is 1111011 - 10001010111100011?
-10001010101101000
In base 15, what is -75ec6 - 0?
-75ec6
In base 11, what is -702274 - -3?
-702271
In base 12, what is -18b7535 - -3?
-18b7532
In base 15, what is -2850 - a1e?
-336e
In base 11, what is -3a + -261470?
-2614aa
In base 16, what is 191 + f0d0?
f261
In base 5, what is 100230 + 443413?
1044143
In base 16, what is 20ae - -9c8?
2a76
In base 8, what is 13402 - 65625?
-52223
In base 16, what is 13e59 + -fc?
13d5d
In base 15, what is -6556e - -53?
-6551b
In base 6, what is 2215044 - -12?
2215100
In base 2, what is -11110110 - 1000001001110111?
-1000001101101101
In base 9, what is -41 + -116081?
-116132
In base 7, what is -1525 - -254140?
252312
In base 8, what is -5 + 103127461?
103127454
In base 11, what is -108603738 - -4?
-108603734
In base 7, what is 265650 - 2341?
263306
In base 8, what is -3360 + -20067?
-23447
In base 2, what is 100111 - 111011101010011010100?
-111011101010010101101
In base 15, what is -51b6 + 5a?
-515b
In base 14, what is 625d + 916?
6b75
In base 11, what is -4 + -13a198?
-13a1a1
In base 2, what is 101100101110110101 + 1011?
101100101111000000
In base 7, what is -2 - 2465116415?
-2465116420
In base 10, what is 5 - -10381792?
10381797
In base 10, what is -2 - -13282527?
13282525
In base 16, what is bd - -1b32f?
1b3ec
In base 7, what is 5 + 4126320600?
4126320605
In base 9, what is 873568 - -10?
873578
In base 10, what is 5498 - 296?
5202
In base 15, what is 174890 - -3?
174893
In base 13, what is 5 - -c9a3954?
c9a3959
In base 3, what is -210122222 - 100221?
-211000220
In base 10, what is 13979 - -938?
14917
In base 15, what is 40466 + 114?
4057a
In base 10, what is -380 - -468323?
467943
In base 8, what is 503201771 - -1?
503201772
In base 8, what is -503154 - -136?
-503016
In base 10, what is 63 - 132743?
-132680
In base 5, what is 31341210 - 1420?
31334240
In base 5, what is -2 + 401231332?
401231330
In base 6, what is 1 - -154305425?
154305430
In base 12, what is -998043 + a2?
-997b61
In base 12, what is 736b712b - -1?
736b7130
In base 6, what is -104540221215 - -5?
-104540221210
In base 2, what is -110111 + -11000001100110111110000?
-11000001100111000100111
In base 9, what is 13026466 + 8?
13026475
In base 9, what is -20872 + 1815?
-18056
In base 8, what is -7765 + 1116553?
1106566
In base 11, what is -914128 + 4?
-914124
In base 14, what is 2 + -8262c2?
-8262c0
In base 8, what is 47 + 112577?
112646
In base 5, what is -14 - 202121113?
-202121132
In base 7, what is -232 + -311410?
-311642
In base 13, what is -8b898c - -38?
-8b8954
In base 13, what is -2 + -234b346?
-234b348
In base 7, what is -5011461 - 1?
-5011462
In base 14, what is 15 - c7?
-b2
In base 7, what is 0 + 20645523?
20645523
In base 2, what is 101111010100101011000111101 + 11?
101111010100101011001000000
In base 6, what is 3 + -240225450?
-240225443
In base 9, what is 5247 + 71056?
76314
In base 12, what is 1b85 + 43a?
2403
In base 4, what is -2 + 1012132023013?
1012132023011
In base 4, what is -102 + 22020121221?
22020121113
In base 2, what is -111000100111110010 - -101000101?
-111000100010101101
In base 9, what is 16604008 - -5?
16604014
In base 3, what is -20212102212100 + 222?
-20212102211101
In base 7, what is -3 - 43025300?
-43025303
In base 7, what is -2 + 52025362?
52025360
In base 11, what is -1994 + 350593?
3496aa
In base 16, what is 18407 - -42f?
18836
In base 11, what is -1 + -23656162?
-23656163
In base 16, what is 6 + 10b89ca?
10b89d0
In base 14, what is -1 + -252119?
-25211a
In base 2, what is 100001001 - 101000101110001001?
-101000101010000000
In base 10, what is 580575 - 56?
580519
In base 3, what is 1210110002 + 1102010?
1211212012
In base 12, what is b - -4b445b5?
4b44604
In base 2, what is 10110111100 + -11111101111?
-1000110011
In base 15, what is -4e6 - -2200?
1c09
In base 8, what is -74667343 - 30?
-74667373
In base 10, what is -878777 - -51?
-878726
In base 8, what is 5 + -156460